he prime factors of h(k).
3, 7
Let z be 102/14 - (-2)/(-7). Suppose -3*x = 2*q - z, 0*x - 2*x = -2*q + 2. Suppose 0 = -i + 6*i + 2*k - 38, 5*i = q*k + 22. What are the prime factors of i?
2, 3
Let b(m) = m**3 - 11*m**2 - 11*m - 2. What are the prime factors of b(12)?
2, 5
What are the prime factors of (29 + 2)/(3/6)?
2, 31
Let n(h) = -h**3 + 10*h**2 + 12*h - 6. Let v be n(11). Suppose -2 + 32 = v*u. List the prime factors of u.
2, 3
Suppose -2*s + 428 = -p, -s + 624 = 2*s + 3*p. List the prime factors of s.
2, 53
Let a = 12 - -11. Suppose -2*v = -t - 0*t + a, -3*v = 4*t - 114. Suppose -4*j = -t - 13. List the prime factors of j.
2, 5
Suppose -4*a + 20 = 5*b + a, -5*b - 2*a + 20 = 0. Let w = 48 + -34. Let u = w - b. List the prime factors of u.
2, 5
Suppose 0 = 5*j - 7*j + 28. What are the prime factors of j?
2, 7
Let h = -14 - -33. Suppose -2*i = -37 - h. Suppose 0 = 5*z + 3*u - 19, 2*z + 2*z = 4*u + i. List the prime factors of z.
5
Suppose 0*t + 2*t - 35 = 5*k, 0 = -5*t + 4*k + 45. Suppose 0 = z - 5*n, -5*n + t + 5 = z. What are the prime factors of z?
5
Let f(t) = -t**2 - 14*t - 11. Let c = -1 + 4. Suppose -c*s + 6 = 42. List the prime factors of f(s).
13
Let n(q) = -8*q + 1. Let b be n(-2). Let p = 28 - b. What are the prime factors of p?
11
Suppose 3 + 1 = 2*t. Let h(v) = -v - 3. Let k(a) = -2*a - 7. Let l(s) = -5*h(s) + 2*k(s). What are the prime factors of l(t)?
3
What are the prime factors of -1 + 15 + 6/(36/(-6))?
13
Let t be 3012/(-54) - 2/9. List the prime factors of ((-12)/14)/(4/t).
2, 3
Let b(a) = -a**2 + 7*a + 4. Let o be b(7). Suppose 0 = -o*v + 2*z + 10, -4*v + 0*z - 5*z = -3. Suppose -v*f - 3*f = -65. What are the prime factors of f?
13
Suppose 10 = 2*x - 10. Let h = x - -5. What are the prime factors of h?
3, 5
Let i be 3/1 + (-3)/3. Suppose 0 = i*u + 2 + 2. List the prime factors of u/(-8) - (-95)/20.
5
Suppose 4*r + 27 - 107 = 0. Let q be 7 - 0 - (-2 - -3). List the prime factors of ((-6)/(-5))/(q/r).
2
Let v(h) = 17*h - 7. Let k(z) = 9*z - 4. Let b(t) = 5*k(t) - 3*v(t). List the prime factors of b(-2).
13
Suppose -176 = -6*o + o + 3*r, -4*r + 12 = 0. What are the prime factors of o?
37
Let g be (-6 + 1)/((-4)/(-12)). What are the prime factors of 58/6 + 10/g?
3
Let j(i) = 3*i**2 - 3*i + 2. Let l be j(1). Suppose 0 = -l*y + 2 + 6. What are the prime factors of y?
2
Let g(i) = -i**3 + 9*i**2 + 15*i - 1. List the prime factors of g(10).
7
Let s = 82 - -64. What are the prime factors of s?
2, 73
Let k be (6/4)/((-1)/(-2)). Suppose -k*b - 5*o = -108, -3*b + 7 = -4*o - 101. Let t = b + -26. What are the prime factors of t?
2, 5
Let y(g) be the first derivative of g**3/3 - g**2/2 + 4*g - 4. Let h(x) = x**2 + 4*x - 5. Let o be h(-5). List the prime factors of y(o).
2
Let u be (-2 - -4)/(-1*2). Let q(d) = 2*d**2 - 2*d - 1. Let m be q(u). Suppose -m*f + 17 - 2 = 0. What are the prime factors of f?
5
Suppose w - 90 = 3*w. Let b = -28 - w. What are the prime factors of b?
17
Let u = 7 - 5. Let c be u + -6*(-1)/(-1). Let k = 14 + c. List the prime factors of k.
2, 5
Let s = 7 - 5. Suppose s*v - 23 = -4*w + 27, 3*w + 39 = 3*v. What are the prime factors of v?
17
Suppose 26*u = 29*u - 291. What are the prime factors of u?
97
Suppose -2*m + 538 = 46. List the prime factors of m.
2, 3, 41
Let i(v) be the first derivative of v**3/3 + v**2 - 9*v - 4. Let z be i(-10). Suppose -4*x - 133 = -4*n - 49, -3*n = 5*x - z. What are the prime factors of n?
2, 11
Let m(p) be the second derivative of 0 - 3*p + 5/6*p**3 + 0*p**2. List the prime factors of m(2).
2, 5
Let c = 2 - -1. Suppose -c*j + v = 2*v - 19, 3*v = -4*j + 32. Suppose 21 = -j*o + 81. What are the prime factors of o?
2, 3
Suppose -13 = 2*n + 3. Let z = 16 - n. What are the prime factors of z?
2, 3
Let g be (-3)/(-9) + 16/6. Suppose 0 = -7*o + g*o + 24. List the prime factors of 58/o + 1/3.
2, 5
Suppose 225 = -5*m + 45. List the prime factors of (m/(-16))/(9/168).
2, 3, 7
Suppose -8 = 2*i, -5*p + 2*i + 17 = -6. Let h be (-2)/(-12)*4*p. Suppose -4*k = -t + 8, -3 = -2*t + h*k + 13. List the prime factors of t.
2
Let x = 15 + 21. What are the prime factors of x?
2, 3
Suppose -o + 3*d + 25 = -2*d, 3*o - 43 = -d. List the prime factors of o.
3, 5
Let k = 0 + 4. Suppose 4 = 4*c - 0. Suppose c = -l + k. List the prime factors of l.
3
Let l(k) = k**2 + k + 2. Suppose 2 = -2*n + 10. Suppose 3*j - 6 = -5*h, n*j = h - 14 - 1. List the prime factors of l(h).
2, 7
Let z = -5 + 7. Let y be z/9 + 248/18. Suppose 2*x - u + 18 - 47 = 0, 2*x + 2*u - y = 0. What are the prime factors of x?
2, 3
Let y = 21 + -31. Let l = y - -17. What are the prime factors of l?
7
Suppose 5*o = 2*o + 12. Suppose o*v + v = 45. What are the prime factors of v?
3
Suppose 2*y = -2*y - 3*c + 244, -4*c - 183 = -3*y. List the prime factors of y.
61
Let c(l) = l**2 + 5*l + 6. Let g be c(-4). Let k(n) = -3 + 2 + 0 + 7*n. What are the prime factors of k(g)?
13
Suppose r + 57 = l, 0 = -l - 0*l - 5*r + 39. List the prime factors of l.
2, 3
Suppose 0*r - 6*r = -276. List the prime factors of r.
2, 23
Let b(l) = 5*l**2 - l + 2. Let t be b(3). Let z = t + -23. What are the prime factors of z?
3, 7
Suppose 17 = 5*q - 5*s + 3*s, -3*q = -2*s - 7. What are the prime factors of q?
5
Suppose 0 = -5*c + 4*o + 58, 4*o - 16 + 54 = 3*c. List the prime factors of c.
2, 5
Suppose o = 1 + 3. Suppose 5*i - o = 41. What are the prime factors of i?
3
Suppose 3*x = x + 2*c + 30, -3*x - 4*c = -24. What are the prime factors of x?
2, 3
Suppose -5*n + 0*n = -10. What are the prime factors of 2/2 + (n - 0)?
3
Let g be (-34 + -1)/(4 - 3). Let p = 85 + g. What are the prime factors of p?
2, 5
Suppose 47*d + 108 = 50*d. List the prime factors of d.
2, 3
Suppose 4*t = -3*o + 122, 3*o - 126 = -2*t - t. Suppose 0 = -0*i + 3*i - 2*b - o, 0 = 4*b + 8. List the prime factors of i.
2, 7
What are the prime factors of (-83)/(2/(-3 + 5)*-1)?
83
Let p(u) = 3 + 42*u - 2 + 0. Let l be p(1). What are the prime factors of (-2)/6 + l/3?
2, 7
Suppose -2*z + c + 87 = 0, 113 + 43 = 4*z + 4*c. Suppose 5*d - z = 2*d. List the prime factors of d.
2, 7
Let c(w) = 3*w**2 - 7*w - 4. List the prime factors of c(7).
2, 47
Let q be 70*4*(-3)/30. Let z = -26 - q. List the prime factors of z.
2
Let s be 7/1*(-2)/((-2)/1). Let u = 14 + -8. Suppose -r + s = -u. What are the prime factors of r?
13
List the prime factors of 3939/65 - (-3)/(-5).
2, 3, 5
Let p(v) = -4*v. What are the prime factors of p(-10)?
2, 5
Suppose -4*k - 10 = s - 0*k, 0 = s - 5*k + 10. Let u(j) = j + 2. Let o(b) = 2*b + 4. Let p(v) = 2*o(v) - 5*u(v). List the prime factors of p(s).
2
Suppose -1141 = -7*l - 84. List the prime factors of l.
151
Let s = -13 + 13. Suppose 2*k + 57 - 9 = c, s = -k - 2. What are the prime factors of c?
2, 11
Suppose 10 = 5*a - 0. Suppose 0 = -a*l + 8 - 4. Suppose -l*g = -0*g - 10. What are the prime factors of g?
5
Suppose -3*t + 11 = -2*k + 34, -2*t + 2 = 0. List the prime factors of k.
13
List the prime factors of 16*4*15/80.
2, 3
Let o(m) = -m**3 - 10*m**2 - 8*m + 13. Let c be o(-9). Let f(v) = 5 + 2*v + 12*v**2 - 2 - c. What are the prime factors of f(1)?
13
Let l(y) = 55*y**3 - y**2 + 1. List the prime factors of l(1).
5, 11
Suppose 0 - 8 = -4*v. List the prime factors of ((2*-7)/v)/(-1).
7
Suppose 4*v - 60 = -v. Suppose -2*f + v = -0*f. What are the prime factors of f?
2, 3
Suppose -5*o + 356 = -4*v, 5*o - v = -0*v + 359. What are the prime factors of o?
2, 3
Let w(l) = l**2 - 4*l. Let r be w(5). Suppose r*y = -57 - 13. Let p = y + 23. What are the prime factors of p?
3
Let u = 189 + -127. What are the prime factors of u?
2, 31
Let k(l) be the first derivative of l**4/4 + 2*l**3 + 3*l**2/2 - 5*l + 2. What are the prime factors of k(-5)?
5
Let o(i) be the third derivative of i**4/24 + 5*i**3/2 - 11*i**2. What are the prime factors of o(7)?
2, 11
Suppose 6*n - 966 = -0*n. What are the prime factors of n?
7, 23
Let a(k) = -2*k - 5*k**2 - 3*k + 0*k + k**3 + 0*k - 4. Let q = -4 + 10. What are the prime factors of a(q)?
2
Suppose -r = -4*r. Let m be (-2)/4*(5 + -13). Let a = m - r. List the prime factors of a.
2
Let u(o) = o**2 - 4*o + 77. List the prime factors of u(0).
7, 11
Suppose -6*l + 9*l = 354. List the prime factors of l.
2, 59
Let t(a) = a**3 - 8*a**2 - 3*a - 6. List the prime facto